*k - 2. Suppose -5*f - 1 + 26 = 0. Suppose 5*w = -0*w - a + 22, f*w = -3*a + 26. Suppose -3*s - 26 = -0*z - w*z, 2 = z. Give u(s).
-8
Let d(b) be the second derivative of b**3/3 - 3*b**2/2 + 9*b - 2. Calculate d(0).
-3
Let i(a) = -a**3 + a - 11. Let b = -57 + 61. Suppose 3 = -5*j + h - 2, h - 5 = -b*j. Calculate i(j).
-11
Let y(i) = -4*i**2 + i - 2. Let z(t) = -8*t + 294. Let a be z(37). Determine y(a).
-20
Suppose -2*j + 7*j - 7 = -r, -1 = -3*r + 5*j. Let h(c) = 1 + 2*c - 2*c**2 + 0*c + c**2. Let q be h(r). Let w(a) = -6*a**2 - 2*a + 1. Give w(q).
-7
Let p(w) be the first derivative of w**4/4 + 2*w**3/3 - 3*w**2/2 + 4*w + 501. Give p(-4).
-16
Let i = 29 - 26. Let b(l) = -7*l - 4*l**2 + i*l**2 - 36 + 43. Determine b(-7).
7
Let o be 4/10*10*4. Suppose 5*r + 0 = 40. Let t(j) = 1 - o*j + 18*j - r. What is t(6)?
5
Let l be (-30 - 0) + -2 + 2. Let y be 10/4*(-72)/l. Let w(g) = -g**3 + 5*g**2 + 8*g - 5. Determine w(y).
7
Let g(d) be the first derivative of -d**4/6 + 2*d**3/3 - 5*d**2/2 - 9*d + 4. Let m(b) be the first derivative of g(b). What is m(4)?
-21
Let r(g) be the third derivative of g**6/120 + 5*g**5/12 + 11*g**4/12 - 47*g**3/6 + 490*g**2 + 1. Give r(-24).
1
Let i(y) = -y**3 + 10*y**2 + 12*y + 1. Suppose 4*w = -2*o + 50, 37*w = 34*w + o + 30. Calculate i(w).
12
Let i(b) = -11*b**3 + 31*b**2 - 11*b - 11. Suppose 3*k = 4*k - 4. Let l(w) = 5*w**3 - 15*w**2 + 6*w + 5. Let r(y) = k*i(y) + 9*l(y). Calculate r(10).
1
Let z(v) = -5*v + 297. Let r(n) = 10*n - 668. Let y(p) = -4*r(p) - 9*z(p). Let j = -3 - -2. Calculate y(j).
-6
Let l(k) = -5*k**3 + 2*k - 1. Let g(j) = 7*j**3 + j**2 - j + 2. Let h(d) = 2*g(d) + 3*l(d). Calculate h(4).
-15
Let f(b) = -b**3 + 11*b**2 - 14. Let d be f(11). Let h = 20 + d. Let s(m) = -m**2 + 2 - 3*m - 4 + 8*m. Determine s(h).
-8
Suppose -11*o = 1 + 43. Let v(k) = -2*k**2 - 7*k - 5. Calculate v(o).
-9
Let r(x) = -x**3 + x**2 + x - 1. Let n(u) = 4*u**3 - 8*u + 3. Let j(s) = n(s) + 3*r(s). Give j(-4).
4
Let n(w) be the second derivative of -w**4/3 + w**3/2 + 5*w**2 + 33*w. Let s(l) = 9*l**2 - 5*l - 21. Let m(y) = 7*n(y) + 3*s(y). Give m(6).
7
Let m(w) = -26*w - 8*w**2 - 6 - w**3 + 26*w. Suppose 0 = -p - 25*p - 208. Calculate m(p).
-6
Let c(r) be the first derivative of r**6/120 + r**5/20 + r**4/6 + 2*r**3/3 - 29*r**2/2 - 23. Let n(g) be the second derivative of c(g). Calculate n(-3).
-8
Let l(t) = -t**3 + 12*t**2 + 8*t - 5. Let a(i) = -2*i**3 + 26*i**2 + 17*i - 11. Let v(x) = 4*a(x) - 9*l(x). Calculate v(5).
6
Let i(d) = -d**3 - 3*d**2 - 4*d - 3. Let f be ((-4)/(-2) - 3) + -1. Let g be i(f). Let u(t) = -211*t**2 + 2*t - 2*t + 1 - 212*t**2 + 422*t**2. Give u(g).
0
Let i(q) = -4*q + 1. Suppose -42*c + 44*c = 10. Suppose 3*v - 3*t = 0, 5 = -4*v + c*t + 6. What is i(v)?
5
Let g(n) be the second derivative of 0 + 1/2*n**2 - 1/2*n**3 - 13*n. Determine g(2).
-5
Let u(w) = 6*w**2 + 5*w - 12. Let s(h) = h**2 - 1. Suppose -5*j + 8 = m - 7, 5*m + 2*j + 17 = 0. Let p(y) = m*s(y) + u(y). Let r = -4 + -2. Determine p(r).
-1
Let b(k) be the third derivative of -k**4/8 - 7*k**3/2 - 859*k**2. Calculate b(-12).
15
Let t(z) = z**2 - 7*z + 4. Let i be 0/((-1)/1)*1. Let s(l) = -9*l**2 - 3*l**2 + 14*l**2 + 6 - l**2. Let j be s(i). Calculate t(j).
-2
Let d(k) = k**2 + 2*k + 1. Let a = -14 + 16. Let t = -2 - a. Calculate d(t).
9
Let x(h) = -h**2 + 15*h + 11. Let s be x(15). Suppose -s*p - 85 = -19. Let l(q) = q**3 + 8*q**2 + 8*q - 5. Determine l(p).
19
Suppose 14*f - 15*f - 4 = 0. Let j(r) = -r**2 - 5*r - 4. Calculate j(f).
0
Let g(k) = -3*k**3 + 3*k**2 + 2. Let t(c) be the first derivative of 7 - 7/4*c**4 + 5*c + 2*c**3 + 1/2*c**2. Let v(p) = 5*g(p) - 2*t(p). Give v(3).
-6
Let f(t) = 609*t - 299*t - 305*t + t**2. Let m(o) = o**3 + 5*o**2 + 4*o - 1. Let k be m(-4). Let g = -5 - k. Determine f(g).
-4
Suppose -16*x + 1299 = -13*x. Let l(w) = -x*w + 432*w + 0 - 7. Give l(-10).
3
Let f be (-4 - 0 - -3) + 2. Suppose 3*z + f = 4*z. Let w(t) = -2*t + 2*t + 2 - 13*t**3 - 3. What is w(z)?
-14
Let d(s) = s**3 + 46*s**2 - 98*s - 93. Let c be d(-48). Let k(a) be the third derivative of 0*a + 3/2*a**c + 0 - 1/4*a**4 - 1/60*a**5 + 6*a**2. Give k(-7).
2
Let h(g) = -g + 1. Suppose 0 = -6*y + 33 + 111. Let o be ((-32)/y)/(8/(-42)). What is h(o)?
-6
Let f(j) = -4*j + 9*j**2 + 8*j**2 + 13 - 12 + 5*j. Determine f(-1).
17
Let b(z) = 61*z - z**2 - 185*z + 126*z + 0*z**2 + 1. Let t be 6/(-15) + (-8)/5. Determine b(t).
-7
Let r(m) = -2*m**2 + 0*m**2 - 4 + m**2 - 2*m. Let g(u) = -2*u + 2. Let l be g(0). Suppose -l*s - 2*v = 0, -3*s - v - 12 = -2*v. Determine r(s).
-7
Let g(q) = q**2 + 8*q + 6. Let r = 13 - 21. Determine g(r).
6
Let i(t) be the first derivative of t**4/4 + 5*t**3 - 35*t**2/2 - 21*t + 123. Determine i(-17).
-4
Let y(l) = -l**3 + 18*l**2 - 18*l + 22. Suppose 3*x = -x + 68. Let b be y(x). Let z(p) = -p + 7. Give z(b).
2
Let x(f) = 4*f**3 + 2*f**2 - 4. Suppose -2*d = -6*d + 12. Let w(j) = 3*j**3 + j**2 - j - 3. Let p(n) = d*w(n) - 2*x(n). Let b = -7 - -5. What is p(b)?
-7
Suppose 3 = 2*a - 3. Let j(w) = w**a - 2*w**3 - 3*w**2 + 5*w + 2*w**3 + 10*w**2. Calculate j(-6).
6
Let u(t) = 8*t - 1. Suppose a + 34 = 3*a - 3*r, -2*r = 5*a - 85. Let i = a - 15. Give u(i).
15
Let j(a) = -50*a**3 - a**2 - 2 + 16 + 49*a**3 - a. Give j(0).
14
Let o(j) = 8*j + 2. Suppose 0*r + 17 = 5*r + d, r - 19 = 5*d. Give o(r).
34
Let n(d) = d - 177 + 80 + 93. Determine n(4).
0
Let m(k) = 2*k + 6. Let j be (-1 - 1) + (-2 - -5). Suppose -n - 5 = -j. Let b be 4/n*(-2 - -6). What is m(b)?
-2
Let g(y) be the second derivative of y**3/6 + 5*y**2 - 102*y. Calculate g(-5).
5
Let w(u) = -18*u - 26. Let f(h) = -13*h - 17. Let q(z) = 7*f(z) - 5*w(z). Determine q(10).
1
Let i(b) = 2*b**2 + 8*b + 4. Let d = -96 - -101. Suppose -l = -d*l - 20. What is i(l)?
14
Let b(h) = 9*h**2 - 18*h - 42. Let z(s) = 2*s**2 - 5*s - 10. Let p(i) = -6*b(i) + 26*z(i). Give p(-10).
12
Let s(d) be the third derivative of -d**5/20 + 7*d**4/24 + d**3/6 - 14*d**2. Let y(m) = -m**2 + m. Let b(x) = -s(x) + 4*y(x). Give b(-2).
1
Let d(h) = 2*h**2 - 5*h - 3. Suppose -l = 4*v - 29, -3*v - 37 = -8*v - l. Suppose -4*f = 3*b, v + 2 = 4*b + 2*f. Calculate d(b).
9
Let k = -10 - -7. Let w be (1 - 1) + k + -2. Let j(n) = 6*n**2 + 7*n - 10. Let s(p) = 7*p**2 + 7*p - 12. Let q(r) = 6*j(r) - 5*s(r). What is q(w)?
-10
Suppose -7*v + 5*y + 20 = -2*v, -3*y - 15 = 0. Let p be ((-2)/v)/((-24)/(-60)). Let z(h) = -h**3 + 6*h**2 - 7*h. Give z(p).
-10
Suppose 5*o = 48 - 3. Let r = o - 15. Let h(b) = 6 + 7*b - 24*b - b**2 + 13*b. Give h(r).
-6
Suppose 0 = 60*r + 455 - 35. Let h(o) = o - 5. Determine h(r).
-12
Let g be ((-101)/303 + 7/(-15))*-5. Let v(u) = -2*u - 8. Let o = -7 - -4. Let y(i) = -3*i - 15. Let f(t) = o*y(t) + 5*v(t). What is f(g)?
1
Let m(r) = -4*r**3 + 10*r**2 - 7*r + 1. Let n(p) = 11*p**2 - 17 - 4*p**3 + 19 - p**3 - 7*p. Let g(x) = 6*m(x) - 5*n(x). What is g(-6)?
2
Let d(m) = -m**2 - m + 8. Let f(u) = -3*u**2 - 23*u + 8. Let o be f(-8). Determine d(o).
8
Let g(p) = -6*p - 104. Let t be g(-16). Let a(z) = 9*z**2 + 6*z - 5 + z**3 + 1 - 5. Let q be a(t). Let y(m) = m. Give y(q).
7
Let b(p) = p + 3. Let z be (-11)/5 + 13/65. Let c = 5 + z. Suppose -2*v = -3*r - 10 + 25, -r - 2*v = c. Determine b(r).
6
Let y(v) = -v + 7. Let l(f) = -10*f**3 + 4*f**2 - 2. Let o be l(-1). Calculate y(o).
-5
Let t(p) = 3*p**3 + 2*p**2 - 3*p. Let y be (-15 - -13) + -2 + (1 - -4). Determine t(y).
2
Let r(d) be the second derivative of d**5/20 - 5*d**4/4 + 5*d**3/2 - 9*d**2 + 46*d. Give r(14).
-4
Let x(d) be the second derivative of -3*d**3/2 + 2*d**2 - 251*d. What is x(-3)?
31
Let l = -13 - -24. Let w(q) = -2*q**2 - 18 + 26*q**3 - l*q**3 + 19. Let a = 50 - 49. Determine w(a).
14
Let v(i) = -2*i**3 - i**2 - i. Suppose 4*a + 18 = 10*a. Let r(g) be the second derivative of -g**4/12 + g**3/2 - g**2/2 + g. Let o be r(a). Determine v(o).
2
Let s be -1*(-2)/4*2. Let t(o) = 2*o. Let c be t(s). Let g(d) = 6 - d + 3*d - c - 5. Give g(-1).
-3
Suppose 22*d - 13*d = 36. Let p(l) be the third derivative of -1/30*l**5 + 8*l**2 + 7/6*l**3 + 0*l + 0 - 1/4*l**d. Determine p(-5).
-13
Let k be (-21)/4*(-12)/9. Let b(h) = -13*h + 2*h + k + 12*h. Calculate b(-6).
1
Let x(y) = 10*y**2. Suppose -14*q + 12*q = -2. What is x(q)?
10
Let b(q) be the first derivative of q**4/4 + 4*q**3